 + 7*g**2 - g - 8. Let x be k(6). Let n be (-144)/(-78) - (-3 - (-111)/39). Calculate the highest common divisor of n and x.
2
Suppose u + 0*u - 64 = -3*p, -41 = -2*p + u. Suppose 21 + p = 2*m. Calculate the highest common factor of m and 168.
21
Suppose -144 = -58*n + 54*n. Suppose 0 = -2*i - 2, -a + 2*i + 33 = 7. Calculate the greatest common divisor of n and a.
12
Let c be (-6)/(-21) + (-752)/(-14). Suppose -2*a = -32 + 20. Let n be 0/(2/(-2)) + a. Calculate the highest common factor of n and c.
6
Let o = 36 + -18. Suppose -o = -5*d + 4*d. Suppose 2*b + 0*b = -4*k + 76, 2*b = 5*k - 86. Calculate the highest common divisor of k and d.
18
Suppose 4*n = -i - 464, 0*i + 581 = -5*n - i. Let s = n + 175. What is the greatest common factor of s and 87?
29
Let a(g) = g - 1. Let n be a(3). Suppose -n = m - 4. Suppose 39 = m*b - 5*u, 3*u = 4*b + 2*u - 33. What is the greatest common factor of 35 and b?
7
Suppose 0 = 4*d + 3*k + 2 + 4, -5*k - 10 = -d. Suppose -5*l + 2*w = -82, -3*l + d*w + 58 = w. Calculate the greatest common factor of l and 18.
18
Let v(y) = y**2 + 55*y + 908. Let t be v(-29). What is the greatest common divisor of 1925 and t?
77
Let v be ((-6)/8)/((-21)/56). Suppose v*m - m = 0. Suppose m = x - s - 30, 2*x + x + 5*s - 90 = 0. What is the highest common factor of x and 15?
15
Suppose 5*t - 39 - 11 = 0. What is the greatest common factor of 130 and t?
10
Let t(h) be the third derivative of h**5/20 - h**4/24 - h**3/3 - 38*h**2. Let r be t(4). Calculate the greatest common factor of r and 63.
21
Suppose -3*h - 322 - 509 = -4*c, 0 = c + 3*h - 219. Calculate the greatest common factor of 50 and c.
10
Let m be 8*(-2 - (-10)/4). Suppose -m*q - q = -115. Suppose -3*l = l - 184. What is the greatest common factor of l and q?
23
Let k be 6975/4 - (-5)/20. Suppose 0 = 3*z - 12, 2*z + k = 5*p - 2*z. Calculate the highest common factor of 44 and p.
44
Let j(z) be the first derivative of -z**2/2 + 6*z + 7. Let m be j(-6). Calculate the highest common divisor of 8 and m.
4
Suppose 3*v - 80 - 70 = -3*a, -v + 74 = -5*a. Calculate the greatest common factor of v and 117.
9
Let n = -118 - -172. Suppose -n = -3*a + 42. Calculate the highest common divisor of a and 96.
32
Let q = -122 - -152. Calculate the greatest common factor of 45 and q.
15
Suppose -2*y = 3*o - 65 - 354, y = 2*o + 220. Let v = y - 156. What is the highest common divisor of v and 290?
58
Let c(s) be the second derivative of -s**3/2 - 39*s**2/2 + 10*s. Let k be c(-14). Calculate the highest common divisor of 3 and k.
3
Let k = 92 - 88. Let g be k/16 - ((-3507)/12)/7. Suppose 5*v = -3*u + 22, -3*u + v + 60 = u. Calculate the highest common divisor of g and u.
14
Let n(c) = -c**2 - 7*c + 15. Let m be n(-5). Suppose -295 - m = -4*h. What is the highest common divisor of h and 32?
16
Suppose 2*h + 5*t = 633, 30*h - 5*t = 35*h - 1605. Calculate the highest common factor of h and 12.
12
Let i be (-6298)/(-25) + 66/825. Calculate the highest common divisor of i and 28.
28
Let b(p) = -p**3 - p**2 + 5*p + 98. Let i be b(0). Suppose -19*k = -15*k - 56. Calculate the greatest common factor of i and k.
14
Let c be -6 - (5*4/(-30) + (-154)/21). Let u be (-1)/(-2) + (-9)/(-2). Calculate the highest common divisor of c and u.
1
Suppose -m + 6*m - 10 = 3*i, 0 = -5*i. Let r(k) = 12*k + 11. Let a be r(m). Calculate the highest common factor of 10 and a.
5
Let a = 122 - 62. Suppose -8 + 56 = 4*z. Calculate the highest common divisor of z and a.
12
Suppose -2496 = 468*x - 481*x. Calculate the greatest common factor of x and 144.
48
Let l(x) = x**3 - 5*x**2 - 9*x - 6. Let o be l(7). Let b be (-5 - 772/52) + (-2)/13. Let h = b + o. Calculate the highest common factor of 9 and h.
9
Suppose 6*o - 46*o + 1455 - 15 = 0. Let d be 359 + (0/(-1) - -1). Calculate the highest common factor of d and o.
36
Suppose 0 = -3*i + 9, 5*b - i - 3*i + 22 = 0. Let s be 30/(-12)*b + 59. Calculate the highest common divisor of 48 and s.
16
Let l = -156 - -415. What is the highest common divisor of l and 37?
37
Suppose -2*k = 4*v - 50, -3*v - v - 42 = -2*k. Suppose 0 = -3*c + l + 280, -4*c + 3*l - 172 = -6*c. Calculate the greatest common factor of k and c.
23
Let m = -430 + 738. What is the greatest common factor of 14 and m?
14
Let i(b) = 14*b + 76. Let o be i(-8). Let w be 4*9/o - -41*1. Suppose 32 = y - 68. Calculate the greatest common factor of y and w.
20
Let p be (-14110)/(-15)*(-3)/(-2). Let d be (-6)/10 + p/85. Let v be 6/(-15) + 606/15. Calculate the greatest common factor of d and v.
8
Suppose -4*h = -25*h + 126. What is the highest common factor of 1 and h?
1
Let r = 80 + -74. Let o be (-210)/(-5) - 3/(r/(-4)). Calculate the greatest common divisor of o and 4.
4
Let j be ((-2)/4)/((-4)/1000). Calculate the greatest common divisor of j and 50.
25
Let d be 465/(-20)*(-24)/9. What is the highest common factor of d and 31?
31
Suppose 25 = 5*p + 5*a, -2*p = -5*a - 0*a + 11. Suppose -37*j - 47 = -417. What is the greatest common divisor of p and j?
2
Suppose -90 = -8*g + 2*g. Let h be g/5*(-2 + 90). What is the highest common divisor of 33 and h?
33
Let a be (-5)/15 + (-507)/(-9). Let t = a + -29. Suppose 0 = -2*g + 3*g + 2*h - 9, g - 4*h = t. What is the greatest common factor of 165 and g?
15
Let f = -1 + 4. Suppose f*y - 48 + 6 = 0. Let p = 408 + -352. Calculate the highest common factor of y and p.
14
Let l(m) = -m**3 + 6*m**2 - 3*m - 3. Suppose -4 = -4*h - 4*b - 0, -3*h + 3*b = -15. Let o be l(h). Calculate the highest common divisor of 120 and o.
15
Let h(l) = -7*l + 15. Let n be h(-9). Let m = 117 - n. Calculate the greatest common divisor of 52 and m.
13
Suppose -39*l + 41*l = 46. Calculate the greatest common divisor of 253 and l.
23
Suppose -5*j = -5 - 15. Suppose 0 = 4*w + 5*t - 164, -j*w - t = w - 226. What is the highest common factor of w and 138?
46
Let l(d) = d**3 + 11*d**2 + 21*d + 155. Let b be l(-10). What is the highest common divisor of 65 and b?
5
Let b be ((-15)/(-6) - 3)*-122. Let a = -16 + b. What is the greatest common divisor of 30 and a?
15
Let k = 12 + -7. Suppose s - 2*m = -6, -3 = 3*s + 3*m - 21. Suppose s*u = -l + 13, l + u = -0*l + 9. What is the greatest common divisor of k and l?
5
Let y be (-9)/(-6)*(-8)/12. Let l(o) = 43*o**2 + 1. Let u be l(y). Let d(n) = n**3 - 2*n**2 + 2. Let t be d(3). Calculate the highest common divisor of u and t.
11
Let h(i) = 2*i - 2*i - 6*i + 6. Let f be h(-5). Calculate the highest common divisor of f and 24.
12
Let r = -534 - -548. Suppose -38 - 46 = -t. What is the greatest common divisor of r and t?
14
Suppose -4*s = -38 - 10. Suppose 4*q + 46 = d + s, 3*d = -2*q - 24. Let n = -7 - q. What is the highest common factor of n and 18?
2
Suppose -f = -4*j - 5*f - 164, 4*j + 200 = 5*f. Suppose -3*o + 109 = -107. Let q = j + o. What is the highest common factor of 3 and q?
3
Let a(d) = 15 - 5*d + 7*d + 7*d + 3*d**2. Let h be a(-7). What is the greatest common divisor of 9 and h?
9
Suppose -127 - 485 = -17*k. Calculate the highest common factor of k and 84.
12
Let b(a) = 16*a**2 + 14*a + 30. Let j be b(-2). Calculate the greatest common factor of j and 176.
22
Let b = 534 - 418. Calculate the greatest common divisor of b and 87.
29
Let y be 16/(-6)*621/(-6). Let b = y - 151. Calculate the greatest common factor of b and 25.
25
Let k be ((-14)/(-8))/((-3)/(-12)). Let o be (k + -14)/(0 + -1). Suppose -4*w + 57 + o = 0. Calculate the highest common divisor of 8 and w.
8
Suppose 4 = l - 3*l. Let j be l/3 - (-2088)/54. Let n = -25 + j. Calculate the highest common divisor of 65 and n.
13
Suppose -v = -3*v + 2. Let s(k) = k**3 + 18*k**2 - 12*k - 38. Let u be s(-18). Let a = u - 177. What is the greatest common factor of a and v?
1
Let c be 72/(-5)*(-20)/(-30)*-5. Let j be (-6)/9 + (-40)/(-6). What is the greatest common factor of j and c?
6
Suppose -56 = -5*g + 34. Suppose 0 = -4*p + 5*p + g. Let w be p/81 - (-56)/9. What is the greatest common divisor of 54 and w?
6
Suppose -211 = 5*u + 3*p, 0 = 4*u + 2*p - 7*p + 154. Let b = u + 44. Let v = 3 + 6. What is the highest common factor of v and b?
3
Suppose -f + 60 = -637. Calculate the highest common factor of f and 123.
41
Let o(h) = 13*h**3 + 1. Let g be o(1). Let k = 95 + -98. Let z = k + g. Calculate the greates